{"id":40,"date":"2017-10-27T16:52:51","date_gmt":"2017-10-27T16:52:51","guid":{"rendered":"http:\/\/blog.bernd-wefelmeyer.de\/?page_id=40"},"modified":"2021-01-11T19:42:05","modified_gmt":"2021-01-11T19:42:05","slug":"kompositionen","status":"publish","type":"page","link":"http:\/\/blog.bernd-wefelmeyer.de\/?page_id=40","title":{"rendered":"Kompositionen"},"content":{"rendered":"<p>Erste Arrangements und Kompositionen w\u00e4hrend der Arbeit als Tonregisseur f\u00fcr die Radio Big Bands Berlin<br \/>\nund Leipzig, das Rundfunk Tanzstreichorchester Berlin und das Orchester Fips Fleischer.<\/p>\n<p>Nach K\u00fcndigung des Arbeitsverh\u00e4ltnisses als Tonregisseur Verlagerung der kompositorischen Arbeit auf<br \/>\ndie Gebiete Theater-,Film- und Konzertmusik.<\/p>\n<h4>Kammeropern<\/h4>\n<p>1974 UA der Oper f\u00fcr Kinder &#8222;TAMBARI&#8220; nach Benno Pludra, (Libretto Dieter Reuscher) am Staatstheater Schwerin.<br \/>\n(Fritz Reuter Kunstpreis) .<\/p>\n<p>1977 UA der Kammeroper &#8222;Poem des Nichtvergessens&#8220; (Ernst Schumacher) an der Deutschen Staatsoper Berlin.<\/p>\n<h4>Kammerkonzert<\/h4>\n<p>\u201eBrandenburger Bilderbogen\u201c , Kammerkonzert f\u00fcr 10 Musiker als Filmlivekonzert.<br \/>\nBallett<br \/>\n&#8222;Die Weihnachtsgans Auguste&#8220; f\u00fcr Gro\u00dfes Orchester. UA Theater Brandenburg 1979, Henschel Musikverlag.<\/p>\n<p>&#8222;Caution!Black Ice&#8220; f\u00fcr Saxophonquartett&#8220;<\/p>\n<audio class=\"wp-audio-shortcode\" id=\"audio-40-1\" preload=\"none\" style=\"width: 100%;\" controls=\"controls\"><source type=\"audio\/mpeg\" src=\"http:\/\/blog.bernd-wefelmeyer.de\/wp-content\/uploads\/caution-Black-Ice-neu-Partitur-1.mp3?_=1\" \/><a href=\"http:\/\/blog.bernd-wefelmeyer.de\/wp-content\/uploads\/caution-Black-Ice-neu-Partitur-1.mp3\">http:\/\/blog.bernd-wefelmeyer.de\/wp-content\/uploads\/caution-Black-Ice-neu-Partitur-1.mp3<\/a><\/audio>\n<h4>B\u00fchnenmusiken<\/h4>\n<p>Kompositionen f\u00fcr Inszenierungen der Theater in Berlin: &#8222;Volksb\u00fchne&#8220;, &#8222;Maxim Gorki Theater&#8220;, &#8222;Theater der Freundschaft&#8220;,<br \/>\n&#8222;Berliner Ensemble&#8220; . Theater Halle, Theater Hof, Westf\u00e4lisches Landestheater, Rostocker Volkstheater, Theater Schwerin, Theater Odense.<\/p>\n<h4>Preise<\/h4>\n<p>1974 Fritz-Reuter Kunstpreis der Stadt Schwerin<\/p>\n<p>Kritikerpreis der &#8222;Berliner Zeitung&#8220; f\u00fcr die beste Schauspielmusik:<br \/>\n1978 f\u00fcr &#8222;Margarita&#8220; im Maxim Gorki Theater und<br \/>\n1980 f\u00fcr &#8222;Die Bremer Stadtmusikanten&#8220; im Theater der Freundschaft<\/p>\n<p>1984 Kunstpreis der DDR<\/p>\n<p>2006 Verdienstorden des Landes Brandenburg<\/p>\n<p>2015 Filmmusiktage: Filmmusik Ehrenpreis<\/p>\n<p>Suite f\u00fcr Dudelsack und Orchester. Urauff\u00fchrung im Rahmen des Classic Open Air 2008 auf dem Gendarmenmarkt mit<br \/>\nThe BagPipes, Berlin und dem Orchester der Leipziger Oper.<\/p>\n<p>Knockin&#8216; on Heavens Door f\u00fcr die Junge Philharmonie, Frankfurt\/Main<\/p>\n<p>Vivaldi Adaptionen f\u00fcr 2 Violinen und Orchester aus &#8222;Unternehmen Geigenkasten&#8220; Auff\u00fchrung anl\u00e4sslich der Mecklenburger Festspiele.<\/p>\n<h4>Film- und Fernsehmusiken<\/h4>\n<p>ca. 50 Film-und Fernsehmusiken, darunter:<\/p>\n<p>&#8222;Der kleine Herr Friedemann&#8220; nach Thomas Mann 1991<br \/>\n&#8222;Leutnant Yorck von Wartenburg&#8220; 1990 nach Stefan Hermlin<br \/>\n&#8222;Der letzte Winter&#8220;<br \/>\n&#8222;Vaclav Havel Trilogie&#8220;<br \/>\n&#8222;Ein Zimmer mit Ausblick&#8220; DFF<br \/>\n&#8222;Unternehmen Geigenkasten&#8220; DEFA<br \/>\n&#8222;Die Sprungdeckeluhr DEFA<br \/>\n&#8222;Hecht und Haie&#8220; Serie ZDF<br \/>\n&#8222;Der Mond scheint auch f\u00fcr Untermieter&#8220; Serie ZDF<br \/>\n&#8222;Der Bergdoktor&#8220; SAT I<br \/>\n&#8222;Ein besonderes Paar&#8220; Serie ZDF<br \/>\n&#8222;Selbstversuch&#8220; nach Christa Wolf ZDF<br \/>\n&#8222;Ein Bernhardiner namens M\u00f6pschen&#8220; ZDF<br \/>\n&#8222;Der kleine Eisb\u00e4r&#8220; (Mitkomponist )WDR, Serie auf DVD,Video und als H\u00f6rspielkassette.<br \/>\n\u201eThe little big Panda\u201c, Komposition und Orchestration der Originalmusik f\u00fcr den chinesisch-deutsch-spanischen Kinoanimationsfilm zusammen mit Detlef Schitto.<\/p>\n<h4>Stummfilmvertonung<\/h4>\n<p><img loading=\"lazy\" decoding=\"async\" class=\"alignnone size-medium wp-image-114\" src=\"http:\/\/blog.bernd-wefelmeyer.de\/wp-content\/uploads\/2017\/10\/metropolis-300x225.png\" alt=\"\" width=\"300\" height=\"225\" srcset=\"http:\/\/blog.bernd-wefelmeyer.de\/wp-content\/uploads\/2017\/10\/metropolis-300x225.png 300w, http:\/\/blog.bernd-wefelmeyer.de\/wp-content\/uploads\/2017\/10\/metropolis.png 390w\" sizes=\"auto, (max-width: 300px) 100vw, 300px\" \/><\/p>\n<p>1995 Musik zu &#8222;Metropolis&#8220; Regie Fritz Lang, f\u00fcr Gro\u00dfes Orchester (Mitkomponist K.H. Wahren)<br \/>\nUA Bielefelder Filmmusiktage, seither Live- Konzerte in Berlin (Komische Oper,Schauspielhaus),<br \/>\nRheinsberg, Lyon, Arlborg, Hannover zur Expo 2000, Erlangen.<\/p>\n<p>2003 Musik zu &#8222;Die seltsamen Abenteuer des Mr. West im Lande der Bolschewiki&#8220; Regie Pudowkin,SU 1924,<br \/>\nf\u00fcr Gro\u00dfes Orchester (Mitkomponist K.H. Wahren) UA: Er\u00f6ffnungsveranstaltung der &#8222;Tage des osteurop\u00e4ischen Films&#8220;<br \/>\nin Cottbus, Nov. 2003, weitere Auff\u00fchrung Potsdam im Nov.2003<\/p>\n<h4>H\u00f6rspielmusiken<\/h4>\n<p>ca 20 H\u00f6rspielmusiken u.a.&#8220;Fiesta in Mozares&#8220; als Kunstkopfproduktion, preisgekr\u00f6nt<\/p>\n<h4>Lieder und Songs f\u00fcrs Kabarett<\/h4>\n<p>ca 70 Songs und Lieder , hpts. nach Texten von Peter Ensikat, erschienen auf diversen CD`s.<\/p>\n<h4>TV-Produktionen<\/h4>\n<p>Mitwirkung als Arrangeur\/musikal. Le\u00edter an den Shows<br \/>\n&#8222;Ein Kessel Buntes&#8220;<br \/>\n&#8222;Schlager einer Gro\u00dfen Stadt&#8220;<br \/>\n&#8222;Zwischen Fr\u00fchst\u00fcck und G\u00e4nsebraten&#8220;<br \/>\n&#8222;Heinz Rennhack Show&#8220;<br \/>\n&#8222;Da liegt Musik drin&#8220;<br \/>\n&#8222;Hafenbar&#8220;.. usw.<\/p>\n<h4>Zusammenarbeit (r\u00fcckblickend seit 1965)<\/h4>\n<p>Anke Lautenbach, Dagmar Frederic, Helmut Zacharias, Lutz Jahoda, Manfred Krug, Frank Sch\u00f6bel,<br \/>\nJ\u00fcrgen Walter,E.M Pieckert, Anke Schenker, Manfred Schoof, W: Biermann, Heinz Rennhack,<br \/>\nHans Teuscher, Marianne W\u00fcnscher, Fred Weyrich, Volker Bengl, Regina Thoss, Sonja Kehler,<br \/>\nGisela Mai, Vera Oelschlegel, Wolfgang Dehler, Chaka Khan, Martin Moss, Helen Schneider,<br \/>\nEsther Queen Morrow, Erkan Aki, Ingeborg Springer, Ireen Sheer, Jocelyn B. Smith, Jankowski Chor,<br \/>\nArt of Contrast, Unternehmen M\u00fcnchehofe, Chor der Berliner Staatsoper, Rundfunk Kinderchor, Karat,<br \/>\nRene Kollo, Angelika Milster, Werner Schneyder, Mike Kilian, Ezard Hausmann, Ursula Karusseit,<br \/>\nGunter Emmerlich, Gerhard Woyda, Em\u00f6ke P\u00f6szteny, Sasha, Die Prinzen u.a.<\/p>\n<p>PhilharmonieTeilnahme als Komponist am 30. &#8222;Internationalen Kinderchorfestival&#8220; in Halle \/ Saale<br \/>\nvom 7. bis 9. Mai 2009 mit &#8222;Singen ist das Fundament&#8220;-Suite f\u00fcr f\u00fcnf Ch\u00f6re und Orchester<br \/>\n(Arrangement und Teilkomposition).<\/p>\n<p>Urauff\u00fchrung am 7. Mai 18 Uhr mit dem Staatsorchester Halle und f\u00fcnf Ch\u00f6ren aus<br \/>\nArmenien,Ungarn,Tschechien,Holland und Deutschland.<\/p>\n<p>Dirigat und Komposition f\u00fcr die &#8222;Welcome-Night&#8220; &#8211; die Er\u00f6ffnungsveranstaltung f\u00fcr die Leichtathletik WM<br \/>\nam 14. August 2009.<br \/>\nOpen Air vor dem Brandenburger Tor mit dem Filmorchester Babelsberg.<br \/>\nFilmmusikbeispiel:<br \/>\n&#8222;Yung Fu weint&#8220; Musiktake aus dem Animationsfilm &#8222;Kleiner starker Panda&#8220; zusammen mit Detlef Schitto<br \/>\n<iframe loading=\"lazy\" title=\"Yung Fu weint\" width=\"525\" height=\"295\" src=\"https:\/\/www.youtube.com\/embed\/IaruCxvFxJ4?feature=oembed\" frameborder=\"0\" allow=\"accelerometer; autoplay; clipboard-write; encrypted-media; gyroscope; picture-in-picture; web-share\" referrerpolicy=\"strict-origin-when-cross-origin\" allowfullscreen><\/iframe><br \/>\n&#8222;Das Adlon&#8220; Score Session mit dem Filmorchester Babelsberg https:\/\/www.youtube.com\/watch?v=u6wVyMlbQbU<\/p>\n","protected":false},"excerpt":{"rendered":"<p>Erste Arrangements und Kompositionen w\u00e4hrend der Arbeit als Tonregisseur f\u00fcr die Radio Big Bands Berlin und Leipzig, das Rundfunk Tanzstreichorchester Berlin und das Orchester Fips Fleischer. Nach K\u00fcndigung des Arbeitsverh\u00e4ltnisses als Tonregisseur Verlagerung der kompositorischen Arbeit auf die Gebiete Theater-,Film- und Konzertmusik. Kammeropern 1974 UA der Oper f\u00fcr Kinder &#8222;TAMBARI&#8220; nach Benno Pludra, (Libretto Dieter &hellip; <\/p>\n<p class=\"link-more\"><a href=\"http:\/\/blog.bernd-wefelmeyer.de\/?page_id=40\" class=\"more-link\"><span class=\"screen-reader-text\">\u201eKompositionen\u201c<\/span> weiterlesen<\/a><\/p>\n","protected":false},"author":2,"featured_media":0,"parent":0,"menu_order":4,"comment_status":"closed","ping_status":"closed","template":"","meta":{"footnotes":""},"class_list":["post-40","page","type-page","status-publish","hentry"],"yoast_head":"<!-- This site is optimized with the Yoast SEO plugin v26.6 - https:\/\/yoast.com\/wordpress\/plugins\/seo\/ -->\n<title>Kompositionen - Bernd Wefelmeyer<\/title>\n<meta name=\"robots\" content=\"index, follow, max-snippet:-1, max-image-preview:large, max-video-preview:-1\" \/>\n<link rel=\"canonical\" href=\"http:\/\/blog.bernd-wefelmeyer.de\/?page_id=40\" \/>\n<meta property=\"og:locale\" content=\"de_DE\" \/>\n<meta property=\"og:type\" content=\"article\" \/>\n<meta property=\"og:title\" content=\"Kompositionen - Bernd Wefelmeyer\" \/>\n<meta property=\"og:description\" content=\"Erste Arrangements und Kompositionen w\u00e4hrend der Arbeit als Tonregisseur f\u00fcr die Radio Big Bands Berlin und Leipzig, das Rundfunk Tanzstreichorchester Berlin und das Orchester Fips Fleischer. Nach K\u00fcndigung des Arbeitsverh\u00e4ltnisses als Tonregisseur Verlagerung der kompositorischen Arbeit auf die Gebiete Theater-,Film- und Konzertmusik. Kammeropern 1974 UA der Oper f\u00fcr Kinder &#8222;TAMBARI&#8220; nach Benno Pludra, (Libretto Dieter &hellip; \u201eKompositionen\u201c weiterlesen\" \/>\n<meta property=\"og:url\" content=\"http:\/\/blog.bernd-wefelmeyer.de\/?page_id=40\" \/>\n<meta property=\"og:site_name\" content=\"Bernd Wefelmeyer\" \/>\n<meta property=\"article:modified_time\" content=\"2021-01-11T19:42:05+00:00\" \/>\n<meta property=\"og:image\" content=\"http:\/\/blog.bernd-wefelmeyer.de\/wp-content\/uploads\/2017\/10\/metropolis-300x225.png\" \/>\n<meta name=\"twitter:card\" content=\"summary_large_image\" \/>\n<meta name=\"twitter:label1\" content=\"Gesch\u00e4tzte Lesezeit\" \/>\n\t<meta name=\"twitter:data1\" content=\"4\u00a0Minuten\" \/>\n<script type=\"application\/ld+json\" class=\"yoast-schema-graph\">{\"@context\":\"https:\/\/schema.org\",\"@graph\":[{\"@type\":\"WebPage\",\"@id\":\"http:\/\/blog.bernd-wefelmeyer.de\/?page_id=40\",\"url\":\"http:\/\/blog.bernd-wefelmeyer.de\/?page_id=40\",\"name\":\"Kompositionen - Bernd Wefelmeyer\",\"isPartOf\":{\"@id\":\"http:\/\/blog.bernd-wefelmeyer.de\/#website\"},\"primaryImageOfPage\":{\"@id\":\"http:\/\/blog.bernd-wefelmeyer.de\/?page_id=40#primaryimage\"},\"image\":{\"@id\":\"http:\/\/blog.bernd-wefelmeyer.de\/?page_id=40#primaryimage\"},\"thumbnailUrl\":\"http:\/\/blog.bernd-wefelmeyer.de\/wp-content\/uploads\/2017\/10\/metropolis-300x225.png\",\"datePublished\":\"2017-10-27T16:52:51+00:00\",\"dateModified\":\"2021-01-11T19:42:05+00:00\",\"breadcrumb\":{\"@id\":\"http:\/\/blog.bernd-wefelmeyer.de\/?page_id=40#breadcrumb\"},\"inLanguage\":\"de\",\"potentialAction\":[{\"@type\":\"ReadAction\",\"target\":[\"http:\/\/blog.bernd-wefelmeyer.de\/?page_id=40\"]}]},{\"@type\":\"ImageObject\",\"inLanguage\":\"de\",\"@id\":\"http:\/\/blog.bernd-wefelmeyer.de\/?page_id=40#primaryimage\",\"url\":\"http:\/\/blog.bernd-wefelmeyer.de\/wp-content\/uploads\/2017\/10\/metropolis.png\",\"contentUrl\":\"http:\/\/blog.bernd-wefelmeyer.de\/wp-content\/uploads\/2017\/10\/metropolis.png\",\"width\":390,\"height\":293},{\"@type\":\"BreadcrumbList\",\"@id\":\"http:\/\/blog.bernd-wefelmeyer.de\/?page_id=40#breadcrumb\",\"itemListElement\":[{\"@type\":\"ListItem\",\"position\":1,\"name\":\"Startseite\",\"item\":\"http:\/\/blog.bernd-wefelmeyer.de\/\"},{\"@type\":\"ListItem\",\"position\":2,\"name\":\"Kompositionen\"}]},{\"@type\":\"WebSite\",\"@id\":\"http:\/\/blog.bernd-wefelmeyer.de\/#website\",\"url\":\"http:\/\/blog.bernd-wefelmeyer.de\/\",\"name\":\"Bernd Wefelmeyer\",\"description\":\"Komponist - Arrangeur - Dirigent\",\"potentialAction\":[{\"@type\":\"SearchAction\",\"target\":{\"@type\":\"EntryPoint\",\"urlTemplate\":\"http:\/\/blog.bernd-wefelmeyer.de\/?s={search_term_string}\"},\"query-input\":{\"@type\":\"PropertyValueSpecification\",\"valueRequired\":true,\"valueName\":\"search_term_string\"}}],\"inLanguage\":\"de\"}]}<\/script>\n<!-- \/ Yoast SEO plugin. -->","yoast_head_json":{"title":"Kompositionen - Bernd Wefelmeyer","robots":{"index":"index","follow":"follow","max-snippet":"max-snippet:-1","max-image-preview":"max-image-preview:large","max-video-preview":"max-video-preview:-1"},"canonical":"http:\/\/blog.bernd-wefelmeyer.de\/?page_id=40","og_locale":"de_DE","og_type":"article","og_title":"Kompositionen - Bernd Wefelmeyer","og_description":"Erste Arrangements und Kompositionen w\u00e4hrend der Arbeit als Tonregisseur f\u00fcr die Radio Big Bands Berlin und Leipzig, das Rundfunk Tanzstreichorchester Berlin und das Orchester Fips Fleischer. Nach K\u00fcndigung des Arbeitsverh\u00e4ltnisses als Tonregisseur Verlagerung der kompositorischen Arbeit auf die Gebiete Theater-,Film- und Konzertmusik. Kammeropern 1974 UA der Oper f\u00fcr Kinder &#8222;TAMBARI&#8220; nach Benno Pludra, (Libretto Dieter &hellip; \u201eKompositionen\u201c weiterlesen","og_url":"http:\/\/blog.bernd-wefelmeyer.de\/?page_id=40","og_site_name":"Bernd Wefelmeyer","article_modified_time":"2021-01-11T19:42:05+00:00","og_image":[{"url":"http:\/\/blog.bernd-wefelmeyer.de\/wp-content\/uploads\/2017\/10\/metropolis-300x225.png","type":"","width":"","height":""}],"twitter_card":"summary_large_image","twitter_misc":{"Gesch\u00e4tzte Lesezeit":"4\u00a0Minuten"},"schema":{"@context":"https:\/\/schema.org","@graph":[{"@type":"WebPage","@id":"http:\/\/blog.bernd-wefelmeyer.de\/?page_id=40","url":"http:\/\/blog.bernd-wefelmeyer.de\/?page_id=40","name":"Kompositionen - Bernd Wefelmeyer","isPartOf":{"@id":"http:\/\/blog.bernd-wefelmeyer.de\/#website"},"primaryImageOfPage":{"@id":"http:\/\/blog.bernd-wefelmeyer.de\/?page_id=40#primaryimage"},"image":{"@id":"http:\/\/blog.bernd-wefelmeyer.de\/?page_id=40#primaryimage"},"thumbnailUrl":"http:\/\/blog.bernd-wefelmeyer.de\/wp-content\/uploads\/2017\/10\/metropolis-300x225.png","datePublished":"2017-10-27T16:52:51+00:00","dateModified":"2021-01-11T19:42:05+00:00","breadcrumb":{"@id":"http:\/\/blog.bernd-wefelmeyer.de\/?page_id=40#breadcrumb"},"inLanguage":"de","potentialAction":[{"@type":"ReadAction","target":["http:\/\/blog.bernd-wefelmeyer.de\/?page_id=40"]}]},{"@type":"ImageObject","inLanguage":"de","@id":"http:\/\/blog.bernd-wefelmeyer.de\/?page_id=40#primaryimage","url":"http:\/\/blog.bernd-wefelmeyer.de\/wp-content\/uploads\/2017\/10\/metropolis.png","contentUrl":"http:\/\/blog.bernd-wefelmeyer.de\/wp-content\/uploads\/2017\/10\/metropolis.png","width":390,"height":293},{"@type":"BreadcrumbList","@id":"http:\/\/blog.bernd-wefelmeyer.de\/?page_id=40#breadcrumb","itemListElement":[{"@type":"ListItem","position":1,"name":"Startseite","item":"http:\/\/blog.bernd-wefelmeyer.de\/"},{"@type":"ListItem","position":2,"name":"Kompositionen"}]},{"@type":"WebSite","@id":"http:\/\/blog.bernd-wefelmeyer.de\/#website","url":"http:\/\/blog.bernd-wefelmeyer.de\/","name":"Bernd Wefelmeyer","description":"Komponist - Arrangeur - Dirigent","potentialAction":[{"@type":"SearchAction","target":{"@type":"EntryPoint","urlTemplate":"http:\/\/blog.bernd-wefelmeyer.de\/?s={search_term_string}"},"query-input":{"@type":"PropertyValueSpecification","valueRequired":true,"valueName":"search_term_string"}}],"inLanguage":"de"}]}},"_links":{"self":[{"href":"http:\/\/blog.bernd-wefelmeyer.de\/index.php?rest_route=\/wp\/v2\/pages\/40","targetHints":{"allow":["GET"]}}],"collection":[{"href":"http:\/\/blog.bernd-wefelmeyer.de\/index.php?rest_route=\/wp\/v2\/pages"}],"about":[{"href":"http:\/\/blog.bernd-wefelmeyer.de\/index.php?rest_route=\/wp\/v2\/types\/page"}],"author":[{"embeddable":true,"href":"http:\/\/blog.bernd-wefelmeyer.de\/index.php?rest_route=\/wp\/v2\/users\/2"}],"replies":[{"embeddable":true,"href":"http:\/\/blog.bernd-wefelmeyer.de\/index.php?rest_route=%2Fwp%2Fv2%2Fcomments&post=40"}],"version-history":[{"count":9,"href":"http:\/\/blog.bernd-wefelmeyer.de\/index.php?rest_route=\/wp\/v2\/pages\/40\/revisions"}],"predecessor-version":[{"id":537,"href":"http:\/\/blog.bernd-wefelmeyer.de\/index.php?rest_route=\/wp\/v2\/pages\/40\/revisions\/537"}],"wp:attachment":[{"href":"http:\/\/blog.bernd-wefelmeyer.de\/index.php?rest_route=%2Fwp%2Fv2%2Fmedia&parent=40"}],"curies":[{"name":"wp","href":"https:\/\/api.w.org\/{rel}","templated":true}]}}